{"id":296,"date":"2014-03-26T10:39:12","date_gmt":"2014-03-26T09:39:12","guid":{"rendered":"http:\/\/hausen-aulatal.de\/?page_id=296"},"modified":"2014-04-17T13:42:18","modified_gmt":"2014-04-17T11:42:18","slug":"frauentreff-2","status":"publish","type":"page","link":"https:\/\/hausen-aulatal.de\/?page_id=296","title":{"rendered":"Frauentreff"},"content":{"rendered":"<p style=\"text-align: center;\"><a href=\"https:\/\/hausen-aulatal.de\/wp-content\/uploads\/2014\/04\/logo_frauentreff.jpg\"><img loading=\"lazy\" decoding=\"async\" class=\"size-full wp-image-509 aligncenter\" alt=\"Frauentreff\" src=\"https:\/\/hausen-aulatal.de\/wp-content\/uploads\/2014\/04\/logo_frauentreff.jpg\" width=\"200\" height=\"209\" \/><\/a><\/p>\n<p>Unser Verein wurde 1978 gegr\u00fcndet. Er bestand anfangs aus wenigen Frauen, deren M\u00e4nner im Reservistenverein engagiert waren.<\/p>\n<p>Damals nannten wir uns noch \u201eVerein junger Frauen\u201c, denn wir waren alle jung, hatten kleine Kinder und waren froh, wenn wir uns alle zwei Wochen nur so zum Tratschen und Klatschen treffen konnten. Mittlerweile besteht unser Verein \u00fcber 30 Jahre, wir sind alle in ein gesetztes Alter gekommen und nennen uns nun \u201eFrauentreff\u201c.<\/p>\n<p>Unser Bestreben ist weiterhin das zweiw\u00f6chige Zusammensein, um das Gespr\u00e4ch und den Austausch zwischen den mittlerweile ca. 25 Frauen zu pflegen.<\/p>\n<p>Anf\u00e4nglich hatten wir die Aufgabe \u00fcbernommen, den Dorfplatz (Platz um den Maibaum) zu pflegen. Zurzeit sind wir f\u00fcr die Au\u00dfenanlage des Friedhofs zust\u00e4ndig.<\/p>\n<p>Einmal im Jahr findet im Dorfgemeinschaftshaus der Seniorennachmittag statt. Hier verw\u00f6hnen wir unsere \u00e4lteren Mitb\u00fcrger mit Kaffee, Kuchen und anderen Getr\u00e4nken und verschaffen ihnen einige sch\u00f6ne Stunden mit Unterhaltung und der Vorf\u00fchrung von Sketchen.<\/p>\n<p>Einige Auftritte mit T\u00e4nzen in farbenfrohen Kost\u00fcmen beim Dorfabend der Kirmes und dem Kartoffelfest wurden f\u00fcr uns, einschlie\u00dflich der gemeinsamen Proben, eine sch\u00f6ne Abwechslung und haben auch den Besuchern Freude gebracht.<\/p>\n<p>Bei den Maibaumfesten versorgen wir die G\u00e4ste mit selbst gebackenem Kuchen und frisch gebackenen Waffeln.<\/p>\n<p>J\u00e4hrlich feiern wir am 3. Oktober unser Kartoffelfest und bewirten die G\u00e4ste mit allerlei Gerichten rund um die Kartoffel, wie Kl\u00f6\u00dfen mit Schmand-Speckso\u00dfe, Puffern und Kartoffelsuppen.<\/p>\n<p>Im Gro\u00dfen und Ganzen steht f\u00fcr unseren Verein immer mehr unser Dorf Hausen im Mittelpunkt. Der Verein ist aus dem d\u00f6rflichen Geschehen nicht mehr wegzudenken.<\/p>\n<p>&nbsp;<\/p>\n<p><a href=\"https:\/\/hausen-aulatal.de\/?page_id=33\">Zur\u00fcck zur Vereins\u00fcbersicht<\/a><\/p>\n","protected":false},"excerpt":{"rendered":"<p>Unser Verein wurde 1978 gegr\u00fcndet. Er bestand anfangs aus wenigen Frauen, deren M\u00e4nner im Reservistenverein engagiert waren. Damals nannten wir uns noch \u201eVerein junger Frauen\u201c, denn wir waren alle jung, [&hellip;]<\/p>\n","protected":false},"author":3,"featured_media":0,"parent":33,"menu_order":0,"comment_status":"closed","ping_status":"closed","template":"","meta":{"_price":"","_stock":"","_tribe_ticket_header":"","_tribe_default_ticket_provider":"","_tribe_ticket_capacity":"0","_ticket_start_date":"","_ticket_end_date":"","_tribe_ticket_show_description":"","_tribe_ticket_show_not_going":false,"_tribe_ticket_use_global_stock":"","_tribe_ticket_global_stock_level":"","_global_stock_mode":"","_global_stock_cap":"","_tribe_rsvp_for_event":"","_tribe_ticket_going_count":"","_tribe_ticket_not_going_count":"","_tribe_tickets_list":"[]","_tribe_ticket_has_attendee_info_fields":false,"footnotes":"","_tec_slr_enabled":"","_tec_slr_layout":""},"ticketed":false,"_links":{"self":[{"href":"https:\/\/hausen-aulatal.de\/index.php?rest_route=\/wp\/v2\/pages\/296"}],"collection":[{"href":"https:\/\/hausen-aulatal.de\/index.php?rest_route=\/wp\/v2\/pages"}],"about":[{"href":"https:\/\/hausen-aulatal.de\/index.php?rest_route=\/wp\/v2\/types\/page"}],"author":[{"embeddable":true,"href":"https:\/\/hausen-aulatal.de\/index.php?rest_route=\/wp\/v2\/users\/3"}],"replies":[{"embeddable":true,"href":"https:\/\/hausen-aulatal.de\/index.php?rest_route=%2Fwp%2Fv2%2Fcomments&post=296"}],"version-history":[{"count":7,"href":"https:\/\/hausen-aulatal.de\/index.php?rest_route=\/wp\/v2\/pages\/296\/revisions"}],"predecessor-version":[{"id":829,"href":"https:\/\/hausen-aulatal.de\/index.php?rest_route=\/wp\/v2\/pages\/296\/revisions\/829"}],"up":[{"embeddable":true,"href":"https:\/\/hausen-aulatal.de\/index.php?rest_route=\/wp\/v2\/pages\/33"}],"wp:attachment":[{"href":"https:\/\/hausen-aulatal.de\/index.php?rest_route=%2Fwp%2Fv2%2Fmedia&parent=296"}],"curies":[{"name":"wp","href":"https:\/\/api.w.org\/{rel}","templated":true}]}}