{"id":362,"date":"2014-03-28T18:47:10","date_gmt":"2014-03-28T17:47:10","guid":{"rendered":"http:\/\/hausen-aulatal.de\/?page_id=362"},"modified":"2014-04-16T21:20:56","modified_gmt":"2014-04-16T19:20:56","slug":"schloss","status":"publish","type":"page","link":"https:\/\/hausen-aulatal.de\/?page_id=362","title":{"rendered":"Schlo\u00df Hausen"},"content":{"rendered":"<p style=\"text-align: center;\"><a href=\"https:\/\/hausen-aulatal.de\/wp-content\/uploads\/2014\/03\/Bild-4-Wasserschloss.jpg\"><img loading=\"lazy\" decoding=\"async\" class=\"aligncenter size-medium wp-image-429\" alt=\"Foto Wasserschloss\" src=\"https:\/\/hausen-aulatal.de\/wp-content\/uploads\/2014\/03\/Bild-4-Wasserschloss-196x300.jpg\" width=\"196\" height=\"300\" srcset=\"https:\/\/hausen-aulatal.de\/wp-content\/uploads\/2014\/03\/Bild-4-Wasserschloss-196x300.jpg 196w, https:\/\/hausen-aulatal.de\/wp-content\/uploads\/2014\/03\/Bild-4-Wasserschloss-669x1024.jpg 669w\" sizes=\"(max-width: 196px) 100vw, 196px\" \/><\/a><\/p>\n<p>Die Wasserburg Hausen (auch Schlo\u00df genannt) z\u00e4hlt wohl zu den \u00e4ltesten Geb\u00e4uden<br \/>\nvon Hausen, auch wenn sie erst 1311 erw\u00e4hnt wurde. Wegen der schon im fr\u00fchen<br \/>\nMittelalter erw\u00e4hnten alten Heerstra\u00dfe, die vom Grenff- und Schwalmtal zum Aulaund<br \/>\nFuldatal f\u00fchrte, war es wohl notwendig, hier einen St\u00fctzpunkt zu schaffen. Au\u00dferdem<br \/>\nben\u00f6tigte die Grenzregion, in der die Gebiete der Abtei Fulda und der Grafschaft<br \/>\nZiegenhain sowie der Landgrafschaft Hessen am s\u00fcdlichen Kn\u00fcll zusammenstie\u00dfen,<br \/>\neinen gewissen Schutz und Schirm. Daher d\u00fcrfte diese kleine Burg mindestens<br \/>\nebenso alt wie das bereits 1160 erstmals erw\u00e4hnte \u201eHusen&#8220; sein.<br \/>\nDie Burg hat manche schwere Aufgabe wahrnehmen m\u00fcssen und manchen Sturm<br \/>\nerlebt. So den \u00dcberfall von Otto dem Sch\u00fctz, den Drei\u00dfigj\u00e4hrigen Krieg, den Siebenj\u00e4hrigen<br \/>\nKrieg, um nur einige zu nennen. Sie haben am alten Gem\u00e4uer schwere Sch\u00e4den<br \/>\nund Zerst\u00f6rungen angerichtet.<br \/>\nDie Familie v. D\u00f6rnberg, die die Burg seit 1463 in Besitz hatte, reparierte und verbesserte<br \/>\nden baulichen Zustand mit Hilfe der Hausener immer wieder. Nach dem<br \/>\nDrei\u00dfigj\u00e4hrigen Krieg richteten sich die Eigent\u00fcmer die Burg wohnlicher ein. Die<br \/>\nZugbr\u00fccken wurden abgerissen und ersetzt durch feste Br\u00fccken, der Rundbau erhielt<br \/>\neinen Anbau mit Renaissance-Giebeln. Damit war der Verteidigungsauftrag erloschen.<br \/>\nEs entstand ein Renaissanceschlo\u00df mit kleinen Verzierungen und Voluten und ein<br \/>\nsch\u00f6ner Garten.<br \/>\nAnsicht des Schlosses nach einem Stahlstich aus dem Jahre Plan des Schlo\u00dfgartens 18. Jhdt.<br \/>\ndem Jahre 1850<br \/>\nDer Bau gilt heute in Hessen als gutes Beispiel f\u00fcr den Umbau einer Wasserburg zu<br \/>\neinem Renaissanceschloss (wie B\u00fcdingen). Mehrere Generationen der Eigent\u00fcmerfamilie<br \/>\nfanden ein sch\u00f6nes Zuhause. Sie mussten allerdings auch mit gro\u00dfem Kostenaufwand<br \/>\ndie Gem\u00e4uer unterhalten. In der heutigen Zeit ist es aber kaum m\u00f6glich, die<br \/>\nn\u00f6tigen Unterhaltungsma\u00dfnahmen aufzubringen.<\/p>\n<p>&nbsp;<\/p>\n<p><a href=\"https:\/\/hausen-aulatal.de\/?page_id=61\">Zur\u00fcck zum Rundgang durch Hausen<\/a><\/p>\n","protected":false},"excerpt":{"rendered":"<p>Die Wasserburg Hausen (auch Schlo\u00df genannt) z\u00e4hlt wohl zu den \u00e4ltesten Geb\u00e4uden von Hausen, auch wenn sie erst 1311 erw\u00e4hnt wurde. Wegen der schon im fr\u00fchen Mittelalter erw\u00e4hnten alten Heerstra\u00dfe, [&hellip;]<\/p>\n","protected":false},"author":3,"featured_media":0,"parent":61,"menu_order":0,"comment_status":"closed","ping_status":"closed","template":"","meta":{"_price":"","_stock":"","_tribe_ticket_header":"","_tribe_default_ticket_provider":"","_tribe_ticket_capacity":"0","_ticket_start_date":"","_ticket_end_date":"","_tribe_ticket_show_description":"","_tribe_ticket_show_not_going":false,"_tribe_ticket_use_global_stock":"","_tribe_ticket_global_stock_level":"","_global_stock_mode":"","_global_stock_cap":"","_tribe_rsvp_for_event":"","_tribe_ticket_going_count":"","_tribe_ticket_not_going_count":"","_tribe_tickets_list":"[]","_tribe_ticket_has_attendee_info_fields":false,"footnotes":"","_tec_slr_enabled":"","_tec_slr_layout":""},"ticketed":false,"_links":{"self":[{"href":"https:\/\/hausen-aulatal.de\/index.php?rest_route=\/wp\/v2\/pages\/362"}],"collection":[{"href":"https:\/\/hausen-aulatal.de\/index.php?rest_route=\/wp\/v2\/pages"}],"about":[{"href":"https:\/\/hausen-aulatal.de\/index.php?rest_route=\/wp\/v2\/types\/page"}],"author":[{"embeddable":true,"href":"https:\/\/hausen-aulatal.de\/index.php?rest_route=\/wp\/v2\/users\/3"}],"replies":[{"embeddable":true,"href":"https:\/\/hausen-aulatal.de\/index.php?rest_route=%2Fwp%2Fv2%2Fcomments&post=362"}],"version-history":[{"count":6,"href":"https:\/\/hausen-aulatal.de\/index.php?rest_route=\/wp\/v2\/pages\/362\/revisions"}],"predecessor-version":[{"id":790,"href":"https:\/\/hausen-aulatal.de\/index.php?rest_route=\/wp\/v2\/pages\/362\/revisions\/790"}],"up":[{"embeddable":true,"href":"https:\/\/hausen-aulatal.de\/index.php?rest_route=\/wp\/v2\/pages\/61"}],"wp:attachment":[{"href":"https:\/\/hausen-aulatal.de\/index.php?rest_route=%2Fwp%2Fv2%2Fmedia&parent=362"}],"curies":[{"name":"wp","href":"https:\/\/api.w.org\/{rel}","templated":true}]}}