{"id":7755,"date":"2017-06-25T09:32:18","date_gmt":"2017-06-25T07:32:18","guid":{"rendered":"http:\/\/hausen-aulatal.de\/?page_id=7755"},"modified":"2017-08-20T09:58:13","modified_gmt":"2017-08-20T07:58:13","slug":"outdoor-fitnessgeraete","status":"publish","type":"page","link":"https:\/\/hausen-aulatal.de\/?page_id=7755","title":{"rendered":"Outdoor Fitnessger\u00e4te"},"content":{"rendered":"<p>Seit dem 15. Juli 2017 stehen zwei Outdoor Fitnessger\u00e4te am Radlerparkplatz in Hausen der \u00f6ffentlichkeit zur Verf\u00fcgung. Die Ger\u00e4te wurden vom Heimatverein angeschafft und installiet. Die Wartung hat die Gemeinde Oberaula (06628\/92080) \u00fcbernommen.<\/p>\n<p><a href=\"https:\/\/hausen-aulatal.de\/wp-content\/uploads\/2017\/06\/Offizielles-Schild.jpg\"><img loading=\"lazy\" decoding=\"async\" class=\"aligncenter size-large wp-image-8030\" alt=\"Offizielles Schild\" src=\"https:\/\/hausen-aulatal.de\/wp-content\/uploads\/2017\/06\/Offizielles-Schild-780x1024.jpg\" width=\"720\" height=\"945\" srcset=\"https:\/\/hausen-aulatal.de\/wp-content\/uploads\/2017\/06\/Offizielles-Schild-780x1024.jpg 780w, https:\/\/hausen-aulatal.de\/wp-content\/uploads\/2017\/06\/Offizielles-Schild-228x300.jpg 228w\" sizes=\"(max-width: 720px) 100vw, 720px\" \/><\/a><\/p>\n<p>Eine pflegliche Benutzung wird vorausgesetzt.<\/p>\n<h1 align=\"center\"><b>Benutzerhinweise<\/b><\/h1>\n<p>&#8211;\u00a0\u00a0\u00a0\u00a0\u00a0\u00a0\u00a0\u00a0\u00a0 Benutzung der Ger\u00e4te nur f\u00fcr Jugendliche und Erwachsene oder Personen ab einer K\u00f6rpergr\u00f6\u00dfe von mehr als 1400mm<\/p>\n<p>&#8211;\u00a0\u00a0\u00a0\u00a0\u00a0\u00a0\u00a0\u00a0\u00a0 Die \u00dcbungsanleitungen an den Ger\u00e4ten lesen und befolgen<\/p>\n<p>&#8211;\u00a0\u00a0\u00a0\u00a0\u00a0\u00a0\u00a0\u00a0\u00a0 Gewissheit \u00fcber eigene medizinische Unbedenklichkeit vor Benutzung beschaffen<\/p>\n<p>&#8211;\u00a0\u00a0\u00a0\u00a0\u00a0\u00a0\u00a0\u00a0\u00a0 Bei der Verwendung der Ger\u00e4te \u00dcberanstrengung vermeiden<\/p>\n<p>&#8211;\u00a0\u00a0\u00a0\u00a0\u00a0\u00a0\u00a0\u00a0\u00a0 Allgemeine Notruf-Telefonnummer <b>112<\/b><\/p>\n<p>&#8211;\u00a0\u00a0\u00a0\u00a0\u00a0\u00a0\u00a0\u00a0\u00a0 Telefonnummer und Internet-URL \u00a0f\u00fcr Kontaktaufnahme mit Wartungspersonal 06628\/8209\u00a0 <a href=\"http:\/\/www.hausen.aulatal.de\/\">www.hausen.aulatal.de<\/a> \u00a0Heimatverein Outdoor Fitnessger\u00e4te oder QR-Code<\/p>\n<p>&#8211;\u00a0\u00a0\u00a0\u00a0\u00a0\u00a0\u00a0\u00a0\u00a0 Standort der Anlage: Radlerparkplatz am Bahntrassen Rotk\u00e4ppchenweg R11 Hausen an der L3294 Rimbergstra\u00dfe, Richtung Ibra, \u00a050\u00b050`33.5\u201cN 9\u00b027`37.8\u201cE<\/p>\n<p style=\"text-align: center;\"><span style=\"color: #ff0000;\"><b>Benutzung der Ger\u00e4te auf eigene Gefahr!<\/b><\/span><\/p>\n<p>Viel Spa\u00df w\u00fcnscht der<\/p>\n<p>Hausener Verein f\u00fcr Heimat und Brauchtum e.V.<\/p>\n<h1 align=\"center\"><b><span style=\"text-decoration: underline;\">Die Ger\u00e4te<br \/>\n<\/span><\/b><\/h1>\n<h2>\u00a0\u00a0\u00a0\u00a0\u00a0 \u00a0\u00a0 \u00a0\u00a0\u00a0<strong>\u00a0 H\u00fcfttrainer\u00a0\u00a0\u00a0<\/strong><\/h2>\n<p><b><a href=\"https:\/\/hausen-aulatal.de\/wp-content\/uploads\/2017\/06\/outdoor-fitnessger-t-plus-waist512dd18e59dd653c67d8d1b704_28.jpg\"><img loading=\"lazy\" decoding=\"async\" alt=\"outdoor-fitnessger-t-plus-waist512dd18e59dd653c67d8d1b704_28\" src=\"https:\/\/hausen-aulatal.de\/wp-content\/uploads\/2017\/06\/outdoor-fitnessger-t-plus-waist512dd18e59dd653c67d8d1b704_28.jpg\" width=\"347\" height=\"278\" \/><\/a><\/b><\/p>\n<p>Produktinformationen:<\/p>\n<p>Das Outdoor Fitnessger\u00e4t Plus H\u00fcfttrainer kann von drei Personen gleichzeitig genutzt werden. Das Trainingsger\u00e4t eignet sich auch ideal zur Verbesserung der Agilit\u00e4t von Senioren. Das Training verbessert die Flexibilit\u00e4t und Agilit\u00e4t der Taille und st\u00e4rkt die R\u00fcckenmuskulatur. Die rutschsicheren Fu\u00dfpedale minimieren das Unfallrisiko. Aufgrund der hochwertigen und robusten Materialien und der guten Verarbeitung ist das Fitnessger\u00e4t resistent gegen Korrosion und Verschlei\u00df durch Vandalismus.<\/p>\n<h2>Produktmerkmale<\/h2>\n<div>\n<ul>\n<li>T\u00dcV gepr\u00fcft gem. EN 16630<\/li>\n<li>Benutzung von bis zu 3 Personen gleichzeitig<\/li>\n<li>Ideal f\u00fcr alle Altersklassen, auch f\u00fcr Senioren geeignet<strong><br \/>\n<\/strong><\/li>\n<\/ul>\n<\/div>\n<p><strong>Bedienung<\/strong>:<\/p>\n<p>In der Ausgangsposition fassen Sie den Griff mit beiden H\u00e4nden und stehen mit den F\u00fc\u00dfen auf den rutschsicheren Fu\u00dfpedalen. Aus dieser Position heraus bewegen Sie Ihre H\u00fcfte von einer Seite zur anderen. Achten Sie dabei darauf, das Gleichgewicht zu halten. W\u00e4hrend des kompletten Trainings befinden sich die H\u00e4nde am Griff und die F\u00fc\u00dfe auf dem Fu\u00dfpedal, wie in der Ausgangsposition. Die Grafik zeigt den genauen Bewegungsablauf:<\/p>\n<p><img loading=\"lazy\" decoding=\"async\" id=\"tinymce-editor-image-5c6a5e76-5f87-4910-a923-de3ec87a7151\" alt=\"hueftrainer552a4c8d1551b\" src=\"https:\/\/www.resorti.de\/media\/image\/81\/42\/51\/hueftrainer552a4c8d1551b.jpg\" width=\"362\" height=\"355\" data-src=\"media\/image\/hueftrainer552a4c8d1551b.jpg\" \/><\/p>\n<hr \/>\n<p><strong>Trainierte Muskelgruppen:<\/strong><\/p>\n<p>Das Outdoor Fitnessger\u00e4t trainiert die Taille sowie die R\u00fcckenmuskulatur. Das Training sorgt f\u00fcr eine Beweglichkeitssteigerung der Muskulatur, die die Wirbels\u00e4ule umgibt.<\/p>\n<h2><strong>\u00a0\u00a0\u00a0\u00a0\u00a0<\/strong><\/h2>\n<h2><strong>\u00a0 \u00a0 \u00a0 \u00a0 \u00a0\u00a0 Plus Ruder<\/strong><\/h2>\n<p><b><a href=\"https:\/\/hausen-aulatal.de\/wp-content\/uploads\/2017\/06\/Outdoor-Fitnessger-t-Plus-Rudder_285x255.jpg\"><img loading=\"lazy\" decoding=\"async\" alt=\"Outdoor-Fitnessger-t-Plus-Rudder_285x255\" src=\"https:\/\/hausen-aulatal.de\/wp-content\/uploads\/2017\/06\/Outdoor-Fitnessger-t-Plus-Rudder_285x255.jpg\" width=\"320\" height=\"257\" \/><\/a><\/b><\/p>\n<div>Produktinformationen:<\/div>\n<p>Das Outdoor Fitnessger\u00e4t Plus Ruder kann von zwei Personen gleichzeitig genutzt werden und verf\u00fcgt \u00fcber ergonomische Handgriffe. Es dient dem Muskelaufbau des Oberk\u00f6rpers und erh\u00f6ht die Flexibilit\u00e4t und Agilit\u00e4t des Hand- und Schultergelenks. Die gute Verarbeitung sowie die verbauten hochwertigen Materialien sch\u00fctzen das Ger\u00e4t vor Korrosion und Verschlei\u00df durch Vandalismus.<\/p>\n<h2>Produktmerkmale<\/h2>\n<div>\n<ul>\n<li>T\u00dcV gepr\u00fcft, gem\u00e4\u00df EN 16630<\/li>\n<li>Training f\u00fcr zwei Personen gleichzeitig<\/li>\n<li>Auswahl 2 unterschiedlicher Griffh\u00f6he<\/li>\n<\/ul>\n<\/div>\n<p><strong>Bedienung<\/strong>:<\/p>\n<p>Halten Sie mit beiden H\u00e4nden den Griff des rotierenden Rads und bewegen diesen mit oder gegen den Uhrzeigersinn. Besonders f\u00fcr j\u00fcngere Menschen geeignet.<\/p>\n<p><img loading=\"lazy\" decoding=\"async\" id=\"tinymce-editor-image-7d490d48-3b1a-4672-b76f-1c32f34a4483\" alt=\"ruder_bedienung\" src=\"https:\/\/www.resorti.de\/media\/image\/e6\/ed\/ca\/ruder_bedienung.jpg\" width=\"234\" height=\"329\" data-src=\"media\/image\/ruder_bedienung.jpg\" \/><\/p>\n<hr \/>\n<p><strong>Trainierte Muskelgruppen:<\/strong><\/p>\n<p>Das Outdoor Fitnessger\u00e4t trainiert den Oberk\u00f6rper und erh\u00f6ht die Flexibilit\u00e4t und Agilit\u00e4t des Hand- und Schultergelenks.<\/p>\n<p>&nbsp;<\/p>\n<h1 style=\"text-align: left;\" align=\"right\"><span style=\"text-decoration: underline;\"><strong>Infos zum Bahnradweg Rotk\u00e4ppchenland (R11) unter folgenden Links:<\/strong><\/span><\/h1>\n<p>http:\/\/www.rotkaeppchenland.nordhessen.de\/de\/radwege<\/p>\n<p>http:\/\/www.bahntrassenradwege.de\/index.php?page=kirchheim-oberaula<\/p>\n<p><a href=\"https:\/\/hausen-aulatal.de\/wp-content\/uploads\/2017\/06\/20170818_091311.jpg\"><img loading=\"lazy\" decoding=\"async\" class=\"aligncenter size-large wp-image-8031\" alt=\"20170818_091311\" src=\"https:\/\/hausen-aulatal.de\/wp-content\/uploads\/2017\/06\/20170818_091311-1024x768.jpg\" width=\"720\" height=\"540\" srcset=\"https:\/\/hausen-aulatal.de\/wp-content\/uploads\/2017\/06\/20170818_091311-1024x768.jpg 1024w, https:\/\/hausen-aulatal.de\/wp-content\/uploads\/2017\/06\/20170818_091311-300x225.jpg 300w\" sizes=\"(max-width: 720px) 100vw, 720px\" \/><\/a>Einweihung<\/p>\n<p><a href=\"https:\/\/hausen-aulatal.de\/wp-content\/uploads\/2017\/06\/20017883_1523675504320338_2199221121081488689_o.jpg\"><img loading=\"lazy\" decoding=\"async\" class=\"aligncenter size-large wp-image-8032\" alt=\"20017883_1523675504320338_2199221121081488689_o\" src=\"https:\/\/hausen-aulatal.de\/wp-content\/uploads\/2017\/06\/20017883_1523675504320338_2199221121081488689_o-1024x768.jpg\" width=\"720\" height=\"540\" srcset=\"https:\/\/hausen-aulatal.de\/wp-content\/uploads\/2017\/06\/20017883_1523675504320338_2199221121081488689_o-1024x768.jpg 1024w, https:\/\/hausen-aulatal.de\/wp-content\/uploads\/2017\/06\/20017883_1523675504320338_2199221121081488689_o-300x225.jpg 300w, https:\/\/hausen-aulatal.de\/wp-content\/uploads\/2017\/06\/20017883_1523675504320338_2199221121081488689_o.jpg 2048w\" sizes=\"(max-width: 720px) 100vw, 720px\" \/><\/a> <a href=\"https:\/\/hausen-aulatal.de\/wp-content\/uploads\/2017\/06\/20017423_1523663977654824_3604326329884517718_o.jpg\"><img loading=\"lazy\" decoding=\"async\" class=\"aligncenter size-large wp-image-8033\" alt=\"20017423_1523663977654824_3604326329884517718_o\" src=\"https:\/\/hausen-aulatal.de\/wp-content\/uploads\/2017\/06\/20017423_1523663977654824_3604326329884517718_o-1024x768.jpg\" width=\"720\" height=\"540\" srcset=\"https:\/\/hausen-aulatal.de\/wp-content\/uploads\/2017\/06\/20017423_1523663977654824_3604326329884517718_o-1024x768.jpg 1024w, https:\/\/hausen-aulatal.de\/wp-content\/uploads\/2017\/06\/20017423_1523663977654824_3604326329884517718_o-300x225.jpg 300w, https:\/\/hausen-aulatal.de\/wp-content\/uploads\/2017\/06\/20017423_1523663977654824_3604326329884517718_o.jpg 2048w\" sizes=\"(max-width: 720px) 100vw, 720px\" \/><\/a> <a href=\"https:\/\/hausen-aulatal.de\/wp-content\/uploads\/2017\/06\/20017881_1523660484321840_4325953742641932218_o.jpg\"><img loading=\"lazy\" decoding=\"async\" class=\"aligncenter size-large wp-image-8034\" alt=\"20017881_1523660484321840_4325953742641932218_o\" src=\"https:\/\/hausen-aulatal.de\/wp-content\/uploads\/2017\/06\/20017881_1523660484321840_4325953742641932218_o-1024x768.jpg\" width=\"720\" height=\"540\" srcset=\"https:\/\/hausen-aulatal.de\/wp-content\/uploads\/2017\/06\/20017881_1523660484321840_4325953742641932218_o-1024x768.jpg 1024w, https:\/\/hausen-aulatal.de\/wp-content\/uploads\/2017\/06\/20017881_1523660484321840_4325953742641932218_o-300x225.jpg 300w, https:\/\/hausen-aulatal.de\/wp-content\/uploads\/2017\/06\/20017881_1523660484321840_4325953742641932218_o.jpg 2048w\" sizes=\"(max-width: 720px) 100vw, 720px\" \/><\/a><a href=\"https:\/\/hausen-aulatal.de\/wp-content\/uploads\/2017\/06\/20117035_1523660460988509_9110784568057616402_o.jpg\"><img loading=\"lazy\" decoding=\"async\" class=\"aligncenter size-large wp-image-8035\" alt=\"20117035_1523660460988509_9110784568057616402_o\" src=\"https:\/\/hausen-aulatal.de\/wp-content\/uploads\/2017\/06\/20117035_1523660460988509_9110784568057616402_o-1024x768.jpg\" width=\"720\" height=\"540\" srcset=\"https:\/\/hausen-aulatal.de\/wp-content\/uploads\/2017\/06\/20117035_1523660460988509_9110784568057616402_o-1024x768.jpg 1024w, https:\/\/hausen-aulatal.de\/wp-content\/uploads\/2017\/06\/20117035_1523660460988509_9110784568057616402_o-300x225.jpg 300w, https:\/\/hausen-aulatal.de\/wp-content\/uploads\/2017\/06\/20117035_1523660460988509_9110784568057616402_o.jpg 2048w\" sizes=\"(max-width: 720px) 100vw, 720px\" \/><\/a> <a href=\"https:\/\/hausen-aulatal.de\/wp-content\/uploads\/2017\/06\/20023769_1523660970988458_7797015746544852411_o.jpg\"><img loading=\"lazy\" decoding=\"async\" class=\"aligncenter size-large wp-image-8036\" alt=\"20023769_1523660970988458_7797015746544852411_o\" src=\"https:\/\/hausen-aulatal.de\/wp-content\/uploads\/2017\/06\/20023769_1523660970988458_7797015746544852411_o-1024x768.jpg\" width=\"720\" height=\"540\" srcset=\"https:\/\/hausen-aulatal.de\/wp-content\/uploads\/2017\/06\/20023769_1523660970988458_7797015746544852411_o-1024x768.jpg 1024w, https:\/\/hausen-aulatal.de\/wp-content\/uploads\/2017\/06\/20023769_1523660970988458_7797015746544852411_o-300x225.jpg 300w, https:\/\/hausen-aulatal.de\/wp-content\/uploads\/2017\/06\/20023769_1523660970988458_7797015746544852411_o.jpg 2048w\" sizes=\"(max-width: 720px) 100vw, 720px\" \/><\/a> <a href=\"https:\/\/hausen-aulatal.de\/wp-content\/uploads\/2017\/06\/20023904_1523660987655123_1508160318787475658_o.jpg\"><img loading=\"lazy\" decoding=\"async\" class=\"aligncenter size-large wp-image-8037\" alt=\"20023904_1523660987655123_1508160318787475658_o\" src=\"https:\/\/hausen-aulatal.de\/wp-content\/uploads\/2017\/06\/20023904_1523660987655123_1508160318787475658_o-1024x768.jpg\" width=\"720\" height=\"540\" srcset=\"https:\/\/hausen-aulatal.de\/wp-content\/uploads\/2017\/06\/20023904_1523660987655123_1508160318787475658_o-1024x768.jpg 1024w, https:\/\/hausen-aulatal.de\/wp-content\/uploads\/2017\/06\/20023904_1523660987655123_1508160318787475658_o-300x225.jpg 300w, https:\/\/hausen-aulatal.de\/wp-content\/uploads\/2017\/06\/20023904_1523660987655123_1508160318787475658_o.jpg 2048w\" sizes=\"(max-width: 720px) 100vw, 720px\" \/><\/a> <a href=\"https:\/\/hausen-aulatal.de\/wp-content\/uploads\/2017\/06\/20045353_1523675537653668_1259581451073113503_o.jpg\"><img loading=\"lazy\" decoding=\"async\" class=\"aligncenter size-large wp-image-8038\" alt=\"20045353_1523675537653668_1259581451073113503_o\" src=\"https:\/\/hausen-aulatal.de\/wp-content\/uploads\/2017\/06\/20045353_1523675537653668_1259581451073113503_o-1024x768.jpg\" width=\"720\" height=\"540\" srcset=\"https:\/\/hausen-aulatal.de\/wp-content\/uploads\/2017\/06\/20045353_1523675537653668_1259581451073113503_o-1024x768.jpg 1024w, https:\/\/hausen-aulatal.de\/wp-content\/uploads\/2017\/06\/20045353_1523675537653668_1259581451073113503_o-300x225.jpg 300w, https:\/\/hausen-aulatal.de\/wp-content\/uploads\/2017\/06\/20045353_1523675537653668_1259581451073113503_o.jpg 2048w\" sizes=\"(max-width: 720px) 100vw, 720px\" \/><\/a> <a href=\"https:\/\/hausen-aulatal.de\/wp-content\/uploads\/2017\/06\/20108280_1523660437655178_3673730935379187738_n.jpg\"><img loading=\"lazy\" decoding=\"async\" class=\"aligncenter size-large wp-image-8039\" alt=\"20108280_1523660437655178_3673730935379187738_n\" src=\"https:\/\/hausen-aulatal.de\/wp-content\/uploads\/2017\/06\/20108280_1523660437655178_3673730935379187738_n.jpg\" width=\"480\" height=\"360\" srcset=\"https:\/\/hausen-aulatal.de\/wp-content\/uploads\/2017\/06\/20108280_1523660437655178_3673730935379187738_n.jpg 480w, https:\/\/hausen-aulatal.de\/wp-content\/uploads\/2017\/06\/20108280_1523660437655178_3673730935379187738_n-300x225.jpg 300w\" sizes=\"(max-width: 480px) 100vw, 480px\" \/><\/a><\/p>\n","protected":false},"excerpt":{"rendered":"<p>Seit dem 15. Juli 2017 stehen zwei Outdoor Fitnessger\u00e4te am Radlerparkplatz in Hausen der \u00f6ffentlichkeit zur Verf\u00fcgung. Die Ger\u00e4te wurden vom Heimatverein angeschafft und installiet. Die Wartung hat die Gemeinde [&hellip;]<\/p>\n","protected":false},"author":2,"featured_media":0,"parent":0,"menu_order":0,"comment_status":"open","ping_status":"closed","template":"","meta":{"_price":"","_stock":"","_tribe_ticket_header":"","_tribe_default_ticket_provider":"","_tribe_ticket_capacity":"0","_ticket_start_date":"","_ticket_end_date":"","_tribe_ticket_show_description":"","_tribe_ticket_show_not_going":false,"_tribe_ticket_use_global_stock":"","_tribe_ticket_global_stock_level":"","_global_stock_mode":"","_global_stock_cap":"","_tribe_rsvp_for_event":"","_tribe_ticket_going_count":"","_tribe_ticket_not_going_count":"","_tribe_tickets_list":"[]","_tribe_ticket_has_attendee_info_fields":false,"footnotes":"","_tec_slr_enabled":"","_tec_slr_layout":""},"ticketed":false,"_links":{"self":[{"href":"https:\/\/hausen-aulatal.de\/index.php?rest_route=\/wp\/v2\/pages\/7755"}],"collection":[{"href":"https:\/\/hausen-aulatal.de\/index.php?rest_route=\/wp\/v2\/pages"}],"about":[{"href":"https:\/\/hausen-aulatal.de\/index.php?rest_route=\/wp\/v2\/types\/page"}],"author":[{"embeddable":true,"href":"https:\/\/hausen-aulatal.de\/index.php?rest_route=\/wp\/v2\/users\/2"}],"replies":[{"embeddable":true,"href":"https:\/\/hausen-aulatal.de\/index.php?rest_route=%2Fwp%2Fv2%2Fcomments&post=7755"}],"version-history":[{"count":9,"href":"https:\/\/hausen-aulatal.de\/index.php?rest_route=\/wp\/v2\/pages\/7755\/revisions"}],"predecessor-version":[{"id":8040,"href":"https:\/\/hausen-aulatal.de\/index.php?rest_route=\/wp\/v2\/pages\/7755\/revisions\/8040"}],"wp:attachment":[{"href":"https:\/\/hausen-aulatal.de\/index.php?rest_route=%2Fwp%2Fv2%2Fmedia&parent=7755"}],"curies":[{"name":"wp","href":"https:\/\/api.w.org\/{rel}","templated":true}]}}