{"id":28154,"date":"2025-10-19T12:45:46","date_gmt":"2025-10-19T10:45:46","guid":{"rendered":"https:\/\/hausen-aulatal.de\/?post_type=tribe_events&#038;p=28154"},"modified":"2025-10-19T12:45:46","modified_gmt":"2025-10-19T10:45:46","slug":"true-colors-mit-ihren-lieblingssongs","status":"publish","type":"tribe_events","link":"https:\/\/hausen-aulatal.de\/?tribe_events=true-colors-mit-ihren-lieblingssongs","title":{"rendered":"True Colors mit ihren Lieblingssongs"},"content":{"rendered":"<div>\n<h6 style=\"text-align: center;\"><a href=\"https:\/\/hausen-aulatal.de\/wp-content\/uploads\/2024\/03\/True_Colors_KulturKirche.png\"><img loading=\"lazy\" decoding=\"async\" class=\"alignnone size-full wp-image-23532\" src=\"https:\/\/hausen-aulatal.de\/wp-content\/uploads\/2024\/03\/True_Colors_KulturKirche.png\" alt=\"\" width=\"1024\" height=\"683\" srcset=\"https:\/\/hausen-aulatal.de\/wp-content\/uploads\/2024\/03\/True_Colors_KulturKirche.png 1024w, https:\/\/hausen-aulatal.de\/wp-content\/uploads\/2024\/03\/True_Colors_KulturKirche-300x200.png 300w, https:\/\/hausen-aulatal.de\/wp-content\/uploads\/2024\/03\/True_Colors_KulturKirche-768x512.png 768w\" sizes=\"(max-width: 1024px) 100vw, 1024px\" \/><\/a><\/h6>\n<h6 class=\"tiny_p Normal0\" style=\"text-align: right;\"><strong>Foto: KulturKirche Oberaula<\/strong><\/h6>\n<p class=\"tiny_p Normal0\" style=\"text-align: left;\">Nach dem gro\u00dfen Erfolg im vergangenen Jahr tritt <strong>\u201eTrue Colors\u201c<\/strong> bereits zum zweiten Mal in der <strong>KulturKirche Oberaula<\/strong> auf und zwar am<\/p>\n<p class=\"tiny_p Normal0\" style=\"text-align: center;\"><strong>Sonntag, 26. Oktober 2025 um 15:00 Uhr. <\/strong><\/p>\n<p class=\"tiny_p Normal0\" style=\"text-align: left;\">Die Band, bestehend aus Verena Wimmel (Gesang), Daniel Schneider (Piano und Gesang) und Martin Rennicke (Gitarre und Gesang), steht f\u00fcr eigeninterpretierte Songs aus Rock und Pop, quer \u00fcber die letzten Jahrzehnte verteilt. Mehrstimmiger Gesang und individuelle Arrangements machen jedes ihrer St\u00fccke zu etwas ganz Besonderem.<\/p>\n<p class=\"tiny_p Normal0\">Namensgebend f\u00fcr die Band ist \u201eTrue Colors\u201c von Cindy Lauper, genauso im Programm wie \u201eHurt\u201c in der Version von Johnny Cash oder auch \u201eJump\u201c von Van Halen unplugged. Das Trio l\u00e4dt nicht nur zum Zuh\u00f6ren, sondern auch zum Mitsingen ein!<\/p>\n<p class=\"tiny_p\"><strong>Der Eintritt ist frei! \u00dcber Spenden freuen wir uns.<\/strong><\/p>\n<p class=\"tiny_p\">Da das Platzangebot begrenzt ist, bitten wir um <strong>Reservierung<\/strong> unter <strong>Kontakt@KulturKirche-Oberaula.de <\/strong>oder telefonisch unter <strong>0162 2934368<\/strong>.<\/p>\n<p class=\"tiny_p\"><strong>Einlass ist ab 14:30 Uhr. Generell gilt frei Platzwahl.<\/strong><\/p>\n<\/div>\n<div class=\"cleaner\"><\/div>\n<h2 class=\"single-view-1-sub-headline sub-headline-border\">VERANSTALTUNGSOR<\/h2>\n<p><strong>KulturKirche Oberaula<\/strong><\/p>\n<p class=\"tiny_p\">Birketstra\u00dfe 16<\/p>\n<p class=\"tiny_p\">36280 Oberaula<\/p>\n<p><span style=\"font-family: 'Roboto Slab'; font-size: 30px;\">VERANSTALTER<\/span><\/p>\n<p class=\"has-icon single-view-1-organizer\"><a href=\"https:\/\/www.kulturkirche-oberaula.de\/verzeichnis\/mandat.php?mandat=244765&amp;kategorie=74\">Gemeinsam f\u00fcr Oberaula e.V. (GfO)<\/a><\/p>\n<p>Hersfelder Str. 4<br \/>\n36280 Oberaula<\/p>\n<p><img decoding=\"async\" src=\"https:\/\/fotos.verwaltungsportal.de\/mandate\/icons\/mobil.gif\" alt=\"Mobiltelefon\" aria-hidden=\"true\" \/> <a title=\"Mobiltelefon\" href=\"tel:+491713452869\">(+49 171) 3452869<\/a><\/p>\n<p>E-Mail: <a href=\"mailto:Kontakt@KulturKirche-Oberaula.de\">Kontakt@KulturKirche-Oberaula.de<\/a><br \/>\n<a class=\"\" title=\"Homepage (\u00f6ffnet neues Fenster)\" href=\"http:\/\/kulturkirche-oberaula.de\/\">kulturkirche-oberaula.de<\/a><\/p>\n","protected":false},"excerpt":{"rendered":"<p>Foto: KulturKirche Oberaula Nach dem gro\u00dfen Erfolg im vergangenen Jahr tritt \u201eTrue Colors\u201c bereits zum zweiten Mal in der KulturKirche Oberaula auf und zwar am Sonntag, 26. Oktober 2025 um [&hellip;]<\/p>\n","protected":false},"author":3,"featured_media":0,"comment_status":"open","ping_status":"closed","template":"","meta":{"_price":"","_stock":"","_tribe_ticket_header":"","_tribe_default_ticket_provider":"","_tribe_ticket_capacity":"0","_ticket_start_date":"","_ticket_end_date":"","_tribe_ticket_show_description":"","_tribe_ticket_show_not_going":false,"_tribe_ticket_use_global_stock":"","_tribe_ticket_global_stock_level":"","_global_stock_mode":"","_global_stock_cap":"","_tribe_rsvp_for_event":"","_tribe_ticket_going_count":"","_tribe_ticket_not_going_count":"","_tribe_tickets_list":"[]","_tribe_ticket_has_attendee_info_fields":false,"_tribe_events_status":"","_tribe_events_status_reason":"","footnotes":"","_tec_slr_enabled":"","_tec_slr_layout":""},"tags":[],"tribe_events_cat":[],"ticketed":false,"_links":{"self":[{"href":"https:\/\/hausen-aulatal.de\/index.php?rest_route=\/wp\/v2\/tribe_events\/28154"}],"collection":[{"href":"https:\/\/hausen-aulatal.de\/index.php?rest_route=\/wp\/v2\/tribe_events"}],"about":[{"href":"https:\/\/hausen-aulatal.de\/index.php?rest_route=\/wp\/v2\/types\/tribe_events"}],"author":[{"embeddable":true,"href":"https:\/\/hausen-aulatal.de\/index.php?rest_route=\/wp\/v2\/users\/3"}],"replies":[{"embeddable":true,"href":"https:\/\/hausen-aulatal.de\/index.php?rest_route=%2Fwp%2Fv2%2Fcomments&post=28154"}],"version-history":[{"count":1,"href":"https:\/\/hausen-aulatal.de\/index.php?rest_route=\/wp\/v2\/tribe_events\/28154\/revisions"}],"predecessor-version":[{"id":28155,"href":"https:\/\/hausen-aulatal.de\/index.php?rest_route=\/wp\/v2\/tribe_events\/28154\/revisions\/28155"}],"wp:attachment":[{"href":"https:\/\/hausen-aulatal.de\/index.php?rest_route=%2Fwp%2Fv2%2Fmedia&parent=28154"}],"wp:term":[{"taxonomy":"post_tag","embeddable":true,"href":"https:\/\/hausen-aulatal.de\/index.php?rest_route=%2Fwp%2Fv2%2Ftags&post=28154"},{"taxonomy":"tribe_events_cat","embeddable":true,"href":"https:\/\/hausen-aulatal.de\/index.php?rest_route=%2Fwp%2Fv2%2Ftribe_events_cat&post=28154"}],"curies":[{"name":"wp","href":"https:\/\/api.w.org\/{rel}","templated":true}]}}

<div>
<h6 style="text-align: center;"><a href="https://hausen-aulatal.de/wp-content/uploads/2024/03/True_Colors_KulturKirche.png"><img loading="lazy" decoding="async" class="alignnone size-full wp-image-23532" src="https://hausen-aulatal.de/wp-content/uploads/2024/03/True_Colors_KulturKirche.png" alt="" width="1024" height="683" srcset="https://hausen-aulatal.de/wp-content/uploads/2024/03/True_Colors_KulturKirche.png 1024w, https://hausen-aulatal.de/wp-content/uploads/2024/03/True_Colors_KulturKirche-300x200.png 300w, https://hausen-aulatal.de/wp-content/uploads/2024/03/True_Colors_KulturKirche-768x512.png 768w" sizes="(max-width: 1024px) 100vw, 1024px" /></a></h6>
<h6 class="tiny_p Normal0" style="text-align: right;"><strong>Foto: KulturKirche Oberaula</strong></h6>
<p class="tiny_p Normal0" style="text-align: left;">Nach dem großen Erfolg im vergangenen Jahr tritt <strong>„True Colors“</strong> bereits zum zweiten Mal in der <strong>KulturKirche Oberaula</strong> auf und zwar am</p>
<p class="tiny_p Normal0" style="text-align: center;"><strong>Sonntag, 26. Oktober 2025 um 15:00 Uhr. </strong></p>
<p class="tiny_p Normal0" style="text-align: left;">Die Band, bestehend aus Verena Wimmel (Gesang), Daniel Schneider (Piano und Gesang) und Martin Rennicke (Gitarre und Gesang), steht für eigeninterpretierte Songs aus Rock und Pop, quer über die letzten Jahrzehnte verteilt. Mehrstimmiger Gesang und individuelle Arrangements machen jedes ihrer Stücke zu etwas ganz Besonderem.</p>
<p class="tiny_p Normal0">Namensgebend für die Band ist „True Colors“ von Cindy Lauper, genauso im Programm wie „Hurt“ in der Version von Johnny Cash oder auch „Jump“ von Van Halen unplugged. Das Trio lädt nicht nur zum Zuhören, sondern auch zum Mitsingen ein!</p>
<p class="tiny_p"><strong>Der Eintritt ist frei! Über Spenden freuen wir uns.</strong></p>
<p class="tiny_p">Da das Platzangebot begrenzt ist, bitten wir um <strong>Reservierung</strong> unter <strong>Kontakt@KulturKirche-Oberaula.de </strong>oder telefonisch unter <strong>0162 2934368</strong>.</p>
<p class="tiny_p"><strong>Einlass ist ab 14:30 Uhr. Generell gilt frei Platzwahl.</strong></p>
</div>
<div class="cleaner"></div>
<h2 class="single-view-1-sub-headline sub-headline-border">VERANSTALTUNGSOR</h2>
<p><strong>KulturKirche Oberaula</strong></p>
<p class="tiny_p">Birketstraße 16</p>
<p class="tiny_p">36280 Oberaula</p>
<p><span style="font-family: 'Roboto Slab'; font-size: 30px;">VERANSTALTER</span></p>
<p class="has-icon single-view-1-organizer"><a href="https://www.kulturkirche-oberaula.de/verzeichnis/mandat.php?mandat=244765&amp;kategorie=74">Gemeinsam für Oberaula e.V. (GfO)</a></p>
<p>Hersfelder Str. 4<br />
36280 Oberaula</p>
<p><img decoding="async" src="https://fotos.verwaltungsportal.de/mandate/icons/mobil.gif" alt="Mobiltelefon" aria-hidden="true" /> <a title="Mobiltelefon" href="tel:+491713452869">(+49 171) 3452869</a></p>
<p>E-Mail: <a href="mailto:Kontakt@KulturKirche-Oberaula.de">Kontakt@KulturKirche-Oberaula.de</a><br />
<a class="" title="Homepage (öffnet neues Fenster)" href="http://kulturkirche-oberaula.de/">kulturkirche-oberaula.de</a></p>

<p>Foto: KulturKirche Oberaula Nach dem großen Erfolg im vergangenen Jahr tritt „True Colors“ bereits zum zweiten Mal in der KulturKirche Oberaula auf und zwar am Sonntag, 26. Oktober 2025 um [&hellip;]</p>
