{"id":28381,"date":"2025-11-19T09:50:24","date_gmt":"2025-11-19T08:50:24","guid":{"rendered":"https:\/\/hausen-aulatal.de\/?post_type=tribe_events&#038;p=28381"},"modified":"2025-11-19T09:50:24","modified_gmt":"2025-11-19T08:50:24","slug":"weihnachtsmarkt-gestuet-hoeny","status":"publish","type":"tribe_events","link":"https:\/\/hausen-aulatal.de\/?tribe_events=weihnachtsmarkt-gestuet-hoeny","title":{"rendered":"Weihnachtsmarkt Gest\u00fct H\u00f6ny"},"content":{"rendered":"<p style=\"text-align: center;\"><a href=\"https:\/\/hausen-aulatal.de\/wp-content\/uploads\/2025\/11\/abbbe0b2-05eb-40a9-bd24-75a6ddce943e.jpeg\"><img loading=\"lazy\" decoding=\"async\" class=\"alignnone size-full wp-image-28369\" src=\"https:\/\/hausen-aulatal.de\/wp-content\/uploads\/2025\/11\/abbbe0b2-05eb-40a9-bd24-75a6ddce943e.jpeg\" alt=\"\" width=\"2048\" height=\"2048\" srcset=\"https:\/\/hausen-aulatal.de\/wp-content\/uploads\/2025\/11\/abbbe0b2-05eb-40a9-bd24-75a6ddce943e.jpeg 2048w, https:\/\/hausen-aulatal.de\/wp-content\/uploads\/2025\/11\/abbbe0b2-05eb-40a9-bd24-75a6ddce943e-300x300.jpeg 300w, https:\/\/hausen-aulatal.de\/wp-content\/uploads\/2025\/11\/abbbe0b2-05eb-40a9-bd24-75a6ddce943e-1024x1024.jpeg 1024w, https:\/\/hausen-aulatal.de\/wp-content\/uploads\/2025\/11\/abbbe0b2-05eb-40a9-bd24-75a6ddce943e-150x150.jpeg 150w, https:\/\/hausen-aulatal.de\/wp-content\/uploads\/2025\/11\/abbbe0b2-05eb-40a9-bd24-75a6ddce943e-768x768.jpeg 768w, https:\/\/hausen-aulatal.de\/wp-content\/uploads\/2025\/11\/abbbe0b2-05eb-40a9-bd24-75a6ddce943e-1536x1536.jpeg 1536w\" sizes=\"(max-width: 2048px) 100vw, 2048px\" \/><\/a><\/p>\n<h1 style=\"text-align: center;\"><strong>\ud83c\udf84 Weihnachtsmarkt auf dem Gest\u00fct H\u00f6ny \ud83c\udf84<\/strong><\/h1>\n<p>&nbsp;<\/p>\n<h3><strong>\ud83d\udccd Am Birket 1, 36280 Oberaula<\/strong><br \/>\n<strong>\ud83d\udcc5 23.12.2025<\/strong><br \/>\n<strong>\u23f0 ab 17:00 Uhr<\/strong><\/h3>\n<p>&nbsp;<\/p>\n<p><strong>Am 23. Dezember \u00f6ffnen wir unser Gest\u00fct H\u00f6ny f\u00fcr einen gem\u00fctlichen Weihnachtsmarkt. In einer geselligen Runde wollen wir gemeinsam in die Weihnachtsfeiertage starten.<\/strong><\/p>\n<p><strong>\u2728 Was euch erwartet:<\/strong><br \/>\n* Gl\u00fchwein &amp; hei\u00dfe Getr\u00e4nke<br \/>\n* Bier und weitere Kaltgetr\u00e4nke<br \/>\n* Bratwurst, Pommes, s\u00fc\u00dfe Leckereien und mehr<br \/>\n* M\u00f6glichkeit, das Gest\u00fct zu besichtigen<br \/>\n* Ponyreiten f\u00fcr unsere kleinen Besucher \ud83d\udc34<br \/>\n* Live-Musik auf dem Akkordeon f\u00fcr die richtige Weihnachtsstimmung \ud83e\uddd1\u200d\ud83c\udf84 \ud83e\ude97<\/p>\n<h4>\ud83e\udd1d <strong>Unterst\u00fctzt wird der Weihnachtsmarkt von:<\/strong><br \/>\n* dem Heimatverein Hausen<br \/>\n* dem Reitverein Oberaula<br \/>\n* der Freiwilligen Feuerwehr Oberaula<\/h4>\n<p>Sollten noch weitere Gruppen oder Vereine Interesse haben ihre Vereinskassen aufzubessern und einen Stand zu betreuen, k\u00f6nnt ihr euch gerne bei uns melden \u263a\ufe0f<\/p>\n<p>Wir freuen uns \u00fcber jeden, der vorbeikommt und mit uns ein paar sch\u00f6ne Stunden verbringt.<br \/>\nBis zum 23.! \ud83c\udf85\ud83c\udf81<\/p>\n<p><strong>Viele Gr\u00fc\u00dfe <\/strong><br \/>\n<strong>Familie Schlumbohm<\/strong><\/p>\n","protected":false},"excerpt":{"rendered":"<p>\ud83c\udf84 Weihnachtsmarkt auf dem Gest\u00fct H\u00f6ny \ud83c\udf84 &nbsp; \ud83d\udccd Am Birket 1, 36280 Oberaula \ud83d\udcc5 23.12.2025 \u23f0 ab 17:00 Uhr &nbsp; Am 23. Dezember \u00f6ffnen wir unser Gest\u00fct H\u00f6ny f\u00fcr [&hellip;]<\/p>\n","protected":false},"author":3,"featured_media":0,"comment_status":"open","ping_status":"closed","template":"","meta":{"_price":"","_stock":"","_tribe_ticket_header":"","_tribe_default_ticket_provider":"","_tribe_ticket_capacity":"0","_ticket_start_date":"","_ticket_end_date":"","_tribe_ticket_show_description":"","_tribe_ticket_show_not_going":false,"_tribe_ticket_use_global_stock":"","_tribe_ticket_global_stock_level":"","_global_stock_mode":"","_global_stock_cap":"","_tribe_rsvp_for_event":"","_tribe_ticket_going_count":"","_tribe_ticket_not_going_count":"","_tribe_tickets_list":"[]","_tribe_ticket_has_attendee_info_fields":false,"_tribe_events_status":"","_tribe_events_status_reason":"","footnotes":"","_tec_slr_enabled":"","_tec_slr_layout":""},"tags":[],"tribe_events_cat":[],"ticketed":false,"_links":{"self":[{"href":"https:\/\/hausen-aulatal.de\/index.php?rest_route=\/wp\/v2\/tribe_events\/28381"}],"collection":[{"href":"https:\/\/hausen-aulatal.de\/index.php?rest_route=\/wp\/v2\/tribe_events"}],"about":[{"href":"https:\/\/hausen-aulatal.de\/index.php?rest_route=\/wp\/v2\/types\/tribe_events"}],"author":[{"embeddable":true,"href":"https:\/\/hausen-aulatal.de\/index.php?rest_route=\/wp\/v2\/users\/3"}],"replies":[{"embeddable":true,"href":"https:\/\/hausen-aulatal.de\/index.php?rest_route=%2Fwp%2Fv2%2Fcomments&post=28381"}],"version-history":[{"count":1,"href":"https:\/\/hausen-aulatal.de\/index.php?rest_route=\/wp\/v2\/tribe_events\/28381\/revisions"}],"predecessor-version":[{"id":28382,"href":"https:\/\/hausen-aulatal.de\/index.php?rest_route=\/wp\/v2\/tribe_events\/28381\/revisions\/28382"}],"wp:attachment":[{"href":"https:\/\/hausen-aulatal.de\/index.php?rest_route=%2Fwp%2Fv2%2Fmedia&parent=28381"}],"wp:term":[{"taxonomy":"post_tag","embeddable":true,"href":"https:\/\/hausen-aulatal.de\/index.php?rest_route=%2Fwp%2Fv2%2Ftags&post=28381"},{"taxonomy":"tribe_events_cat","embeddable":true,"href":"https:\/\/hausen-aulatal.de\/index.php?rest_route=%2Fwp%2Fv2%2Ftribe_events_cat&post=28381"}],"curies":[{"name":"wp","href":"https:\/\/api.w.org\/{rel}","templated":true}]}}

Weihnachtsmarkt Gestüt Höny

<p style="text-align: center;"><a href="https://hausen-aulatal.de/wp-content/uploads/2025/11/abbbe0b2-05eb-40a9-bd24-75a6ddce943e.jpeg"><img loading="lazy" decoding="async" class="alignnone size-full wp-image-28369" src="https://hausen-aulatal.de/wp-content/uploads/2025/11/abbbe0b2-05eb-40a9-bd24-75a6ddce943e.jpeg" alt="" width="2048" height="2048" srcset="https://hausen-aulatal.de/wp-content/uploads/2025/11/abbbe0b2-05eb-40a9-bd24-75a6ddce943e.jpeg 2048w, https://hausen-aulatal.de/wp-content/uploads/2025/11/abbbe0b2-05eb-40a9-bd24-75a6ddce943e-300x300.jpeg 300w, https://hausen-aulatal.de/wp-content/uploads/2025/11/abbbe0b2-05eb-40a9-bd24-75a6ddce943e-1024x1024.jpeg 1024w, https://hausen-aulatal.de/wp-content/uploads/2025/11/abbbe0b2-05eb-40a9-bd24-75a6ddce943e-150x150.jpeg 150w, https://hausen-aulatal.de/wp-content/uploads/2025/11/abbbe0b2-05eb-40a9-bd24-75a6ddce943e-768x768.jpeg 768w, https://hausen-aulatal.de/wp-content/uploads/2025/11/abbbe0b2-05eb-40a9-bd24-75a6ddce943e-1536x1536.jpeg 1536w" sizes="(max-width: 2048px) 100vw, 2048px" /></a></p>
<h1 style="text-align: center;"><strong>🎄 Weihnachtsmarkt auf dem Gestüt Höny 🎄</strong></h1>
<p>&nbsp;</p>
<h3><strong>📍 Am Birket 1, 36280 Oberaula</strong><br />
<strong>📅 23.12.2025</strong><br />
<strong>⏰ ab 17:00 Uhr</strong></h3>
<p>&nbsp;</p>
<p><strong>Am 23. Dezember öffnen wir unser Gestüt Höny für einen gemütlichen Weihnachtsmarkt. In einer geselligen Runde wollen wir gemeinsam in die Weihnachtsfeiertage starten.</strong></p>
<p><strong>✨ Was euch erwartet:</strong><br />
* Glühwein &amp; heiße Getränke<br />
* Bier und weitere Kaltgetränke<br />
* Bratwurst, Pommes, süße Leckereien und mehr<br />
* Möglichkeit, das Gestüt zu besichtigen<br />
* Ponyreiten für unsere kleinen Besucher 🐴<br />
* Live-Musik auf dem Akkordeon für die richtige Weihnachtsstimmung 🧑‍🎄 🪗</p>
<h4>🤝 <strong>Unterstützt wird der Weihnachtsmarkt von:</strong><br />
* dem Heimatverein Hausen<br />
* dem Reitverein Oberaula<br />
* der Freiwilligen Feuerwehr Oberaula</h4>
<p>Sollten noch weitere Gruppen oder Vereine Interesse haben ihre Vereinskassen aufzubessern und einen Stand zu betreuen, könnt ihr euch gerne bei uns melden ☺️</p>
<p>Wir freuen uns über jeden, der vorbeikommt und mit uns ein paar schöne Stunden verbringt.<br />
Bis zum 23.! 🎅🎁</p>
<p><strong>Viele Grüße </strong><br />
<strong>Familie Schlumbohm</strong></p>

<p>🎄 Weihnachtsmarkt auf dem Gestüt Höny 🎄 &nbsp; 📍 Am Birket 1, 36280 Oberaula 📅 23.12.2025 ⏰ ab 17:00 Uhr &nbsp; Am 23. Dezember öffnen wir unser Gestüt Höny für [&hellip;]</p>
